*j**3/6 - 12*j**2. Is l(-14) prime?
False
Let m(o) = 4816*o**2 - 100*o + 301. Is m(3) a prime number?
False
Let f(o) be the third derivative of o**5/60 - o**4/8 - 5*o**3/6 + 3*o**2. Let d be f(5). Suppose 3*w = d*w - 434. Is w a prime number?
False
Let j(q) = -40*q**2 - 2*q - 27. Let a be j(-6). Let k = a - -4222. Is k a prime number?
True
Is 50/100*(1 - (2 + -37139)) prime?
False
Let d(k) = -k**3 + 8*k**2 - 34*k - 13. Is d(-18) composite?
True
Let m = 26064 - 14765. Is m a prime number?
True
Suppose -3*u - 52 = 2*k, -2*u - 27 - 21 = 2*k. Let g = k - -14. Is (-222)/(-8)*(-2 - g) prime?
False
Suppose -11*q + 77837 = -128842. Is q prime?
False
Let h(d) = -d**2 + 27*d + 23. Let q be ((-17)/34)/(1/(-26)). Is h(q) a composite number?
True
Suppose 0 = 3*i + 27*n - 29*n - 120727, 4*n - 160976 = -4*i. Is i a prime number?
False
Suppose 4*p - 15 = -c, 4*c - 10 = p + 7*c. Suppose -2561 = -4*u + 3*t, 0 = p*t - 0 - 5. Is u a prime number?
True
Let p(c) = -182*c**2 + 3. Let h(q) = -183*q**2 + q + 4. Let y(m) = 2*h(m) - 3*p(m). Let a be y(1). Let x = -54 + a. Is x a prime number?
True
Let j = 7 - 9. Let h be (3*(j + 1))/(-1). Suppose -8*g + h*g - 2*p = -159, -4*g + 120 = 4*p. Is g a prime number?
False
Suppose -r + n = 72, -53 = r + 4*n + 14. Let d = 51 - r. Let z = d - 79. Is z a prime number?
True
Let l(s) = -171*s + 57. Let v be l(-15). Suppose -6*w + 12*w - v = 0. Is w prime?
False
Suppose 4*g = 5*j + 35572, g - 2*g = 2*j - 8893. Is g composite?
False
Let s(u) = 22231*u**3 - 2*u**2 - u + 1. Is s(1) prime?
True
Suppose 0 = -5*m + 3*c + 2*c + 615, -3*m + 389 = c. Let y = -73 + m. Is y a composite number?
True
Let z be -1 - -2 - (-12 + 10). Is (6855/(-20))/(z + (-26)/8) a prime number?
False
Suppose -5*t = 2*l - 5, 0*t - 7 = -3*t - 2*l. Is 418104/88 + 6/33*t a composite number?
False
Let p(c) = 55*c + 20. Let x(w) = 11*w + 4. Let q(y) = 2*p(y) - 11*x(y). Is q(-23) composite?
True
Let r(k) = 20*k. Let q be r(-1). Let z be ((-560)/(-144))/(1/6)*3. Is 2846/14 + q/z composite?
True
Is (-14)/(-12) + -1 + 210045/198 a composite number?
False
Let b(r) = -r - 31 + 2 - 3*r - 12*r. Is b(-21) prime?
True
Let o(f) = -19*f**3 - f**2 + 5*f - 23. Is o(-12) a composite number?
True
Let s(q) = q**2 + 2*q - 2. Let h be s(-4). Suppose 3070 + 842 = h*w. Suppose -7*m + w = 71. Is m a prime number?
True
Suppose 3*g + 1201233 = 36*g. Is g a composite number?
True
Let x = -84 - -79. Is 10677*x*(-4)/60 a composite number?
False
Let o(m) = m**3 + 11*m**2 + 2*m + 14. Let z be o(-10). Suppose -7*g = -5*g + z. Is (-3)/1 - g*4 a composite number?
True
Suppose -6*p = -p + 3*w - 20, 12 = 3*p + 4*w. Suppose -p*l + 2*l = 2*b + 386, -965 = 5*l + 3*b. Let x = -110 - l. Is x composite?
False
Suppose 143*n + 15 = 148*n. Is 3 - (25 + n)*920/(-28) prime?
False
Suppose -5*p - 2*r + 5*r = 150, 0 = 4*p - 4*r + 120. Let n = p + 44. Let m(a) = 4*a**2 - 20*a - 7. Is m(n) a prime number?
False
Suppose 0 = 5*q - 47 + 27. Let r(b) be the second derivative of 5*b**3/3 + 9*b**2/2 + 2*b. Is r(q) a prime number?
False
Suppose 92*q - 102*q + 168110 = 0. Is q composite?
False
Let b = -1868 - -3817. Is b prime?
True
Let o = 88 - -125. Let r = -12 + o. Is r a prime number?
False
Suppose 3*i - 986 = -44. Suppose -89*p + 86*p - 549 = 0. Let x = i + p. Is x composite?
False
Let g = 30 - 27. Is (487 - 2) + g + -3 a composite number?
True
Let o(z) = 10*z**2 + 15*z - 6. Let r be (24/(-18))/((-2)/(-12)). Is o(r) prime?
False
Let d = 71944 + -49473. Is d a prime number?
False
Suppose 82 = 5*r - 308. Suppose 2*w - r = -4*p, w + 30 = 2*p - w. Suppose -p*j = -22*j + 88. Is j a prime number?
False
Suppose -4*d - 16332 = -16*d. Is d prime?
True
Suppose 172*r - 206*r + 453662 = 0. Is r a composite number?
True
Suppose -k - 3*h + 318 = 0, 0 = -5*k + h + 860 + 730. Is (k/(-8))/(24/(-64)) prime?
False
Let z(g) = -3*g**2 + g**3 - g**2 - 5*g + 3 + 0*g**2. Let j be z(5). Suppose t - 736 = -5*n, 4*t - j*t - 3*n = 760. Is t prime?
True
Let g(r) = r**2 - r - 9. Let o be g(-5). Let v(y) = 151*y + 50. Is v(o) a prime number?
True
Suppose 20*j - 49*j = -1213099. Is j prime?
False
Suppose 0 = -5*u + 4*g - 24, -4*g - 16 = -0*u + 5*u. Let i be (-10)/(u + (-36)/(-8)). Is (2648/i)/(8/(-20)) prime?
True
Let g = -34331 - -58634. Is g prime?
False
Let r = 56608 + -26675. Is r a prime number?
False
Let p(h) = -99*h - 3. Let w(z) = z. Let f(y) = p(y) + 2*w(y). Let c be (-2)/(2 - 4) + -3. Is f(c) a composite number?
False
Let k = 227 + -345. Suppose 4*c - 370 = 578. Let w = c + k. Is w a prime number?
False
Let n be (0 + 3)/(2/(-2)). Let p be 66/8 - n/(-12). Suppose -p = r + r, -3*c + 585 = -3*r. Is c prime?
True
Suppose 0 = 3*x - 3*m - 756, -3*x + 5*m = -1007 + 247. Let n = 2477 - x. Is n composite?
True
Is (-2884863)/(-202) + (-2)/4 a composite number?
False
Let y = -11799 + 20296. Is y a composite number?
True
Suppose -m = -3*m + 2. Let a(q) = 36*q - 2*q + 2 - 3. Is a(m) a composite number?
True
Let x be (-108)/(-42) + 9/21. Suppose -h = -6*h - 10, -5*t - x*h + 4984 = 0. Is t a composite number?
True
Suppose 117*q - 127*q = -570. Is q prime?
False
Let c = 414 + 493. Is c composite?
False
Let f(s) = -35*s + 11. Suppose -3*b + 2*t + 7 = t, -3*b - 3*t = -3. Suppose -3*o - 5*r = -b, 2*o - 2*r + 23 = 3. Is f(o) composite?
True
Let v be 351/36 + (-6)/8. Let k = -82 - v. Let c = k - -168. Is c a prime number?
False
Suppose 4*f = -2*t + 12080, -5*f - 3*t + t + 15099 = 0. Is f a prime number?
True
Let x(n) = -n**2 - n + 14. Let m be x(-13). Let g = m - -365. Is g prime?
True
Suppose 3*a - 4*x = 8591, 2*x = 3*a + a - 11448. Is a prime?
True
Let j(n) = 42*n - 1. Let y be j(3). Suppose s + 78 = 5*i, 5*i - 17 = -27. Let h = s + y. Is h a prime number?
True
Suppose -4*q + 4*y + 16 = 0, 2*q - 4*y = -y + 11. Is 15/35 + (q - (-666)/14) a prime number?
False
Let z(v) be the second derivative of 224*v**4 - 4*v**3/3 - 3*v**2/2 + 24*v. Is z(-2) prime?
False
Suppose -6 = -2*l + 4, -4*i + 4*l + 64632 = 0. Is i a composite number?
True
Suppose 19 = 11*d - 25. Is ((-146)/(-24) - d/(-16))*123 a composite number?
True
Suppose 4*v + 4*d = 3*d + 3, 2*v + 2*d + 6 = 0. Let t(l) = -11*l**v + 7*l - 18*l - 1 - l**3 - l. Is t(-10) composite?
False
Let z(v) be the third derivative of v**5/60 - 2*v**3/3 - 2*v**2. Let i be z(-4). Is 3726/15 + i/20 composite?
True
Let o(d) = -12*d**3 + 5*d**2 + 2*d + 6. Suppose 3*x = 14 - 29. Is o(x) a composite number?
False
Suppose -3152 = -17*u + 15*u. Suppose -3*k - 4*f + 1175 = 0, -5*k + k - 3*f = -u. Is k a composite number?
False
Let a = 22687 + -14356. Is a a composite number?
True
Let a be (0 - (1 - 2))*147/21. Suppose 0 = 2*i - a*i + 6985. Is i a composite number?
True
Let t(o) = 6 - 9 - o**2 + 13*o**2 + 2*o - 2*o**2. Is t(14) a composite number?
True
Suppose 5*u + 3*q - 6088 = 0, 3*u + 2*q - 4059 + 406 = 0. Is u a prime number?
True
Let f(k) = 10006*k + 13. Is f(1) a composite number?
True
Suppose -5*i - 153 = -x + 1168, 0 = 3*x + 5*i - 4023. Let h = x + -929. Is h composite?
True
Let s be (-77)/(-4) + (-4)/16. Let z be ((-2)/(-4))/(-4*(-1)/288). Suppose z + s = p. Is p a composite number?
True
Let h(l) = l**3 + 4*l**2 - l + 5. Let f be h(-4). Suppose f*a - 310 = 185. Is a a composite number?
True
Let w(g) = -4*g**2 + 74*g + 75. Let q(h) = 2*h**2 - 37*h - 38. Let l(y) = -5*q(y) - 2*w(y). Is l(17) prime?
False
Suppose 7 = -u + 11. Suppose 0 = -u*b + 2*b + 678. Is b a composite number?
True
Is (-7)/(12/(119304/(-6))) a composite number?
True
Let u be 2608/12*(-27)/(-2). Is (10/3)/(12/u) a prime number?
False
Let k(m) = -3 + 0 + 2 + 5 - m. Let x be k(6). Is (-2)/x + (39 - 1) a composite number?
True
Let c = 59 - 51. Let d(b) be the third derivative of -b**6/120 + 11*b**5/60 + b**4/8 + b**3/6 - 2*b**2. Is d(c) a prime number?
False
Let i(c) = -5*c**2 - 8*c + 10. Suppose -5*k + 21 = 4*x, -5*x + 0*k = 4*k - 24. Let n(h) = -h**2. Let m(y) = x*n(y) - i(y). Is m(-10) prime?
False
Let o = 1632 - 491. Is o prime?
False
Let h(o) = -32*o - 5. Let u(i) = -i - 15. Let p be u(5). Is h(p) a prime number?
False
Let f be 0*(-2 + -1 - -4). Suppose 3*a = -t - f*t + 796, -529 = -2*a - t. Is a a composite number?
True
Let o(b) = -b**3 - 12*b**2 - 33*b - 35. Is o(-18) composite?
False
Suppose 2*m + 8 = 2*f, 0 = f + 4*m + 1. Let c be 12/3 - (4 - f). Suppose -